873. Calculate n(5).
83
Let n(x) = 3*x**3 + 63*x**2 - 6*x - 119. Determine n(-21).
7
Let s(j) = 2*j**3 - j**2 + 8*j + 99. What is s(-5)?
-216
Let r(d) = 93*d - 619. Determine r(8).
125
Let x(p) = -30*p**2 - 17*p - 16. What is x(-1)?
-29
Let u(o) = -136*o - 391. Give u(-5).
289
Let s(f) = -2*f**2 - 316*f + 22370. What is s(53)?
4
Let h(b) = -11*b**2 + 8*b - 1. Determine h(2).
-29
Let f(d) = -d**3 - 9*d**2 + 5*d - 178. What is f(-11)?
9
Let q(n) = -n**3 - 11*n**2 - 42*n - 604. Give q(-12).
44
Let v(z) = z**2 - 36*z + 173. Calculate v(12).
-115
Let r(j) = 3*j**2 + 74*j - 320. Give r(4).
24
Let i(f) = f**2 - 108*f + 2462. What is i(34)?
-54
Let l(u) = -u**2 + 80*u + 811. Give l(89).
10
Let j(f) = 10*f**2 + 262*f - 528. What is j(2)?
36
Let l(k) = 26*k - 1035. Calculate l(32).
-203
Let t(k) = k**3 - k**2 - 139*k - 79. Give t(-11).
-2
Let w(a) = -a**2 - 8*a - 37. Determine w(0).
-37
Let l(k) = -2*k**2 + 15*k + 211. What is l(15)?
-14
Let o(b) = -1140*b + 2415. Determine o(2).
135
Let m(f) = f**2 + 45*f + 289. Give m(-37).
-7
Let s(c) = 382*c + 2588. Calculate s(-7).
-86
Let d(k) = k**3 + 7*k**2 + 48*k - 2. Give d(0).
-2
Let i(n) = -n**2 + 94*n - 1716. Calculate i(25).
9
Let s(x) = 1644*x + 126598. Determine s(-77).
10
Let p(y) = -y**2 + 24*y - 66. Calculate p(-11).
-451
Let o(j) = 3*j**2 + 3*j + 28. Determine o(-5).
88
Let c(i) = -i**3 + 22*i**2 - 22*i + 165. What is c(22)?
-319
Let o(k) = -135*k + 15793. What is o(117)?
-2
Let f(n) = -2401*n - 19213. Determine f(-8).
-5
Let j(g) = 5*g**3 - 199*g**2 + 151*g + 182. Calculate j(39).
-13
Let k(r) = -6*r**2 - 8*r - 13. Determine k(-4).
-77
Let g(a) = -12*a**2 + 161*a - 525. Give g(6).
9
Let k(j) = -j**2 + 51*j - 399. What is k(9)?
-21
Let p(z) = -51*z + 151. Give p(4).
-53
Let m(g) = 79*g + 409. Determine m(-10).
-381
Let m(v) = -197*v - 2554. Determine m(-13).
7
Let c(w) = 3598*w - 28780. Give c(8).
4
Let z(a) = -a**3 - 4*a**2 + 10*a - 29. What is z(-6)?
-17
Let d(c) = 26*c**2 - 1093*c + 40. Calculate d(42).
-2
Let d(i) = 11*i**2 + 10*i + 24. Determine d(-2).
48
Let b(p) = -p**3 - 17*p**2 - 139*p - 2361. What is b(-17)?
2
Let w(s) = -26*s + 3714. Calculate w(143).
-4
Let m(l) = 2071*l - 78701. Calculate m(38).
-3
Let c(d) = -3*d**2 - 142*d + 84. Calculate c(-46).
268
Let q(p) = p**3 + 16*p**2 + 28*p - 95. Give q(-13).
48
Let y(k) = -k**2 - 79*k - 1551. Give y(-43).
-3
Let o(h) = -2*h**3 + 251*h**2 - 127*h + 208. Calculate o(125).
-42
Let j(n) = -15*n - 650. Give j(-25).
-275
Let j(q) = -65*q - 52. Calculate j(-3).
143
Let n(a) = -6*a**3 - a**2 + 3*a. Determine n(3).
-162
Let y(f) = -3*f**2 - 12*f + 66. Calculate y(4).
-30
Let q(u) = 13*u**2 - 296*u + 591. Determine q(2).
51
Let u(d) = -2*d**3 + 181*d**2 + 528*d - 5865. What is u(93)?
-6
Let m(l) = -l**2 + 931*l - 30505. Give m(34).
-7
Let f(b) = 141*b - 134. Determine f(1).
7
Let a(x) = x**2 - 6*x + 12. Calculate a(-12).
228
Let v(k) = -4*k**3 - 22*k**2 + 51*k + 306. Determine v(-5).
1
Let y(b) = -61*b**2 - 368*b - 17. Give y(-6).
-5
Let d(u) = -29*u**2 + 31*u + 1. Give d(2).
-53
Let p(m) = -m**3 - 80*m**2 - 73*m + 470. What is p(-79)?
-4
Let b(p) = 871*p + 6971. Give b(-8).
3
Let q(s) = 5506*s + 286317. Calculate q(-52).
5
Let t(q) = 3*q - 68. Calculate t(26).
10
Let n(k) = -105*k - 12134. Give n(-115).
-59
Let g(i) = 12*i - 273. Determine g(8).
-177
Let o(s) = -s**2 + 1850*s - 9225. Give o(5).
0
Let i(x) = -427*x + 21782. Give i(51).
5
Let m(a) = -a**3 - 2*a**2 + 28*a + 94. Give m(-3).
19
Let t(l) = 11*l**2 + 227*l - 47. What is t(-21)?
37
Let m(k) = 56*k**2 + 351*k - 17. Calculate m(-6).
-107
Let z(k) = 34*k - 1. Determine z(0).
-1
Let z(v) = v**3 - 16*v**2 + 102*v - 12. What is z(8)?
292
Let y(i) = -i**2 - 225*i + 2351. Calculate y(10).
1
Let q(p) = 2*p**2 - 26*p - 629. Give q(-12).
-29
Let t(g) = 6389*g - 159721. Calculate t(25).
4
Let t(z) = 94*z + 176. What is t(-3)?
-106
Let i(h) = 3*h**2 + 157*h - 408. Give i(-55).
32
Let o(a) = 28*a - 66. What is o(4)?
46
Let d(j) = -18*j**3 - 7*j**2 - 11*j - 3. Give d(-2).
135
Let c(g) = -g**2 - 18*g + 1365. Calculate c(27).
150
Let c(l) = 3399*l - 20342. Give c(6).
52
Let z(f) = -685*f - 45866. Give z(-67).
29
Let r(t) = 2*t**3 + 8*t**2 + 12*t + 11. What is r(-5)?
-99
Let m(t) = -129*t**2 + 9935*t - 122. Determine m(77).
32
Let f(p) = 3*p**2 + 33. Calculate f(0).
33
Let k(v) = v**3 + 8*v**2 + 8*v + 94. Calculate k(-10).
-186
Let o(d) = -d**3 + 18*d**2 - 116*d + 839. Determine o(14).
-1
Let s(x) = x**3 + 3*x**2 + 411*x + 2110. Determine s(-5).
5
Let d(m) = -13*m - 435. Give d(-34).
7
Let q(p) = -2*p**3 - 7*p**2 - 33*p - 54. Determine q(-2).
0
Let h(g) = -4*g**2 - 183*g + 781. Give h(4).
-15
Let v(t) = 40*t + 1509. Calculate v(-38).
-11
Let n(q) = -191*q**3 + 4*q**2 - 4*q + 2. Determine n(1).
-189
Let a(v) = v**3 + 320*v**2 - 309*v + 3865. Calculate a(-321).
13
Let w(b) = -b**3 - 21*b**2 + 79*b + 2240. Calculate w(-19).
17
Let r(u) = -920*u + 1717. Determine r(2).
-123
Let q(g) = 80*g - 1805. Give q(23).
35
Let q(u) = 72*u - 2. What is q(3)?
214
Let k(j) = -171*j**2 + 4273*j + 46. Calculate k(25).
-4
Let r(m) = -446*m + 4480. Determine r(10).
20
Let t(r) = -2*r**2 - 56*r - 35. Give t(0).
-35
Let h(x) = x**3 + 66*x**2 + 129*x + 25. Calculate h(-64).
-39
Let k(n) = n**3 - 72*n**2 + 73*n - 149. Calculate k(71).
-7
Let a(p) = 3*p**2 - 9*p - 64. Determine a(-8).
200
Let b(c) = 10*c**2 + 357*c - 106. Give b(-36).
2
Let t(b) = -10*b**3 - 4*b**2 - 23*b - 40. What is t(-2)?
70
Let x(j) = -283*j + 2574. Calculate x(9).
27
Let s(z) = -z**3 + 32*z**2 + 103*z + 44. Calculate s(35).
-26
Let o(d) = -d**3 - 19*d**2 - 27*d - 12. What is o(-18)?
150
Let d(u) = u**3 - 39*u**2 + 33*u + 212. What is d(38)?
22
Let q(l) = -2*l**3 - 8*l**2 + 35*l - 39. Calculate q(-7).
10
Let f(t) = -t**3 - 43*t**2 - 282*t + 24. Give f(-8).
40
Let q(k) = k**3 + 20*k**2 - 5*k - 122. Calculate q(-20).
-22
Let z(p) = 146*p + 3352. What is z(-23)?
-6
Let s(t) = -t**2 + 50*t + 194. Determine s(47).
335
Let d(y) = -y**3 + 8*y**2 + 17*y - 66. Determine d(9).
6
Let y(n) = -43*n - 437. Calculate y(-7).
-136
Let u(t) = 3*t**3 + 7*t**2 + t - 2. Determine u(-3).
-23
Let m(d) = -2*d**3 - 71*d**2 + 30*d - 233. Give m(-36).
-17
Let i(w) = w**2 + 8*w + 11. Calculate i(-2).
-1
Let s(w) = -7*w. Calculate s(-2).
14
Let i(n) = -n**2 + 72*n - 740. Determine i(12).
-20
Let t(u) = -693*u + 90091. Determine t(130).
1
Let q(n) = -184*n - 1647. What is q(-9)?
9
Let q(z) = -6*z - 79. What is q(4)?
-103
Let w(o) = o**3 + 34*o**2 - 104*o + 170. What is w(-37)?
-89
Let m(v) = v - 150. Give m(-5).
-155
Let n(b) = -31*b**3 - b**2 + 5*b - 1. Determine n(2).
-243
Let k(g) = -g**2 + 211*g + 872. Give k(-4).
12
Let i(p) = -p**3 + 12*p**2 - 48*p + 50. Calculate i(6).
-22
Let j(t) = -54*t - 354. Determine j(-9).
132
Let q(i) = i**2 - 46*i - 441. What is q(54)?
-9
Let t(n) = 2*n**2 - 317*n - 1477. Give t(163).
-10
Let d(p) = -20*p + 830. What is d(40)?
30
Let w(r) = 182*r + 1008. Give w(-6).
-84
Let g(k) = 2*k**3 - 37*k**2 - 456*k - 3. Give g(27).
78
Let x(f) = 50*f**2 + 210*f - 209. Calculate x(1).
51
Let u(j) = 11*j**2 - j - 5. What is u(2)?
37
Let o(r) = -237*r - 2838. Determine o(-12).
6
Let h(k) = k**2 + 26*k - 248. Give h(-35).
67
Let l(c) = -c**2 - 589*c + 4772. Calculate l(8).
-4
Let i(h) = -4*h**3 + 14*h**2 + 331*h - 13. Give i(11).
-2
Let j(m) = -m**2 + 738*m + 5204. Calculate j(-7).
-11
Let u(h) = 4*h**2 - 8*h - 19. Determine u(-4).
77
Let o(v) = -10*v**2 - 28*v - 1. What is o(-8)?
-417
Let g(x) = 331*x - 2309. Calculate g(7).
8
Let f(u) = -u**3 - 24*u**2 + 8*u + 764. Determine f(-23).
51
Let j(m) = m**2 - 27*m - 14097. Give j(133).
1
Let h(m) = 40*m**2 - 183*m + 82. What is h(4)?
-10
Let r(j) = -j**2 + 695*j - 117222. Give r(407).
-6
Let w(k) = 31*k + 1888. Determine w(-60).
28
Let k(l) = 2*l**3 - 16*l**2 - 17*l + 73. Give k(5).
-162
Let d(g) = 3*g**2 + 4*g - 136. Determine d(-11).
183
Let c(a) = -4*a. Calculate c(7).
-28
Let a(m) = 15*m**3 + 132*m**2 - 30*m - 22. Calculate a(-9).
5
Let z(t) = -1098*t - 7720. What is z(-7)?
-34
Let r(x) = -x**3 + 8*x**2 + 5*x - 51. What is r(8)?
-11
Let q(d) = 48*d - 380. What is q(8)?
4
Let f(g) = -5*g**2 + 40*g + 256. Determine f(-6).
-164
Let s(x) = -2*x**2 + 17*x + 1618. What is s(33)?
1
Let k(a) = 3*a**3 - 116*a**2 - 39*a - 2. Deter